Is 316 a multiple of 27?
False
Is 231 a multiple of 33?
True
Is 3857 a multiple of 10?
False
Does 6 divide 1111?
False
Does 53 divide 5035?
True
Is 31920 a multiple of 60?
True
Is 4 a factor of 1160?
True
Is 42 a factor of 22013?
False
Is 9 a factor of 385?
False
Is 29 a factor of 232?
True
Is 31 a factor of 992?
True
Is 14 a factor of 5460?
True
Does 225 divide 47925?
True
Is 191 a multiple of 20?
False
Is 140 a factor of 7300?
False
Is 5504 a multiple of 16?
True
Is 19 a factor of 109402?
True
Is 11 a factor of 2347?
False
Is 14236 a multiple of 146?
False
Is 112 a multiple of 7?
True
Is 765 a multiple of 15?
True
Does 78 divide 8309?
False
Is 44686 a multiple of 14?
False
Is 2222 a multiple of 101?
True
Is 49 a factor of 11144?
False
Does 62 divide 3544?
False
Is 141 a factor of 41031?
True
Is 21 a factor of 101?
False
Is 56274 a multiple of 291?
False
Is 17 a factor of 612?
True
Is 16 a factor of 2049?
False
Is 22 a factor of 301?
False
Does 25 divide 20260?
False
Does 17 divide 17690?
False
Is 585 a multiple of 3?
True
Is 73 a factor of 1227?
False
Is 2192 a multiple of 2?
True
Is 9 a factor of 1664?
False
Does 4 divide 18?
False
Is 13 a factor of 11843?
True
Is 488 a factor of 81008?
True
Does 18 divide 1710?
True
Does 36 divide 30340?
False
Does 274 divide 18358?
True
Is 39 a factor of 195?
True
Is 104 a factor of 4726?
False
Is 111 a factor of 3441?
True
Does 7 divide 595?
True
Is 289 a multiple of 17?
True
Is 376 a multiple of 8?
True
Is 3434 a multiple of 2?
True
Is 936 a multiple of 52?
True
Does 9 divide 2709?
True
Does 27 divide 369?
False
Is 5 a factor of 1753?
False
Is 9019 a multiple of 16?
False
Is 58 a factor of 12498?
False
Is 16435 a multiple of 24?
False
Does 26 divide 7046?
True
Is 38 a multiple of 27?
False
Does 22 divide 154?
True
Is 3525 a multiple of 128?
False
Does 56 divide 42153?
False
Does 9 divide 81?
True
Does 395 divide 15405?
True
Is 2123 a multiple of 15?
False
Does 4 divide 1293?
False
Is 10450 a multiple of 22?
True
Is 12447 a multiple of 38?
False
Is 175 a factor of 36538?
False
Is 4 a factor of 1103?
False
Does 29 divide 74638?
False
Is 3 a factor of 1739?
False
Is 8 a factor of 1880?
True
Is 15 a multiple of 5?
True
Is 3311 a multiple of 11?
True
Is 18 a factor of 576?
True
Is 19 a factor of 291?
False
Is 13847 a multiple of 37?
False
Is 258 a factor of 27932?
False
Does 56 divide 397?
False
Is 4977 a multiple of 63?
True
Does 6 divide 56?
False
Is 93 a multiple of 93?
True
Is 14 a factor of 1757?
False
Is 22 a factor of 822?
False
Is 2 a factor of 18?
True
Does 28 divide 2661?
False
Is 129 a multiple of 3?
True
Is 1394 a multiple of 70?
False
Is 1605 a multiple of 3?
True
Is 782 a multiple of 20?
False
Is 72 a multiple of 12?
True
Does 57 divide 2679?
True
Is 1520 a multiple of 70?
False
Is 1115 a multiple of 39?
False
Does 9 divide 5362?
False
Is 37 a multiple of 6?
False
Is 12 a factor of 43582?
False
Is 16 a factor of 352?
True
Does 9 divide 39726?
True
Is 16 a factor of 2192?
True
Is 20240 a multiple of 10?
True
Is 55 a factor of 73?
False
Is 14 a factor of 10415?
False
Is 531 a multiple of 85?
False
Is 83 a factor of 166?
True
Does 147 divide 8820?
True
Is 36 a multiple of 4?
True
Is 128843 a multiple of 11?
True
Is 66105 a multiple of 117?
True
Is 2324 a multiple of 166?
True
Is 2652 a multiple of 52?
True
Does 7 divide 4820?
False
Is 900 a multiple of 36?
True
Is 1943 a multiple of 6?
False
Is 21 a factor of 5061?
True
Is 115 a factor of 4830?
True
Does 10 divide 975?
False
Is 79 a factor of 1066?
False
Is 210 a multiple of 6?
True
Does 10 divide 194?
False
Is 540 a multiple of 13?
False
Is 2040 a multiple of 67?
False
Is 53 a factor of 848?
True
Is 144 a multiple of 3?
True
Is 72 a factor of 24048?
True
Is 100719 a multiple of 57?
True
Is 9615 a multiple of 36?
False
Is 710 a multiple of 3?
False
Does 19 divide 399?
True
Is 136 a factor of 65438?
False
Does 7 divide 916?
False
Does 3 divide 103?
False
Does 12 divide 12612?
True
Does 125 divide 1150?
False
Is 18 a factor of 17334?
True
Does 31 divide 604?
False
Is 8072 a multiple of 109?
False
Is 5 a factor of 42728?
False
Is 494 a multiple of 24?
False
Does 3 divide 54?
True
Is 38 a factor of 228?
True
Is 98 a factor of 3332?
True
Does 8 divide 344?
True
Is 2820 a multiple of 20?
True
Is 1218 a multiple of 14?
True
Does 60 divide 42840?
True
Is 2663 a multiple of 13?
False
Is 20 a factor of 1160?
True
Is 15903 a multiple of 93?
True
Is 26373 a multiple of 59?
True
Is 10 a factor of 4880?
True
Does 34 divide 46580?
True
Does 232 divide 3104?
False
Does 9 divide 951?
False
Is 14 a factor of 308?
True
Is 50 a factor of 300?
True
Is 381 a multiple of 6?
False
Is 98 a factor of 681?
False
Is 2124 a multiple of 63?
False
Is 27 a factor of 15822?
True
Is 52 a factor of 24880?
False
Is 38 a factor of 1546?
False
Is 58245 a multiple of 63?
False
Does 15 divide 778?
False
Is 10 a factor of 1377?
False
Is 19 a factor of 1451?
False
Is 23 a factor of 10220?
False
Does 16 divide 17012?
False
Is 7 a factor of 113?
False
Is 18 a factor of 116712?
True
Does 13 divide 676?
True
Is 1710 a multiple of 57?
True
Is 87 a multiple of 87?
True
Does 19 divide 14483?
False
Is 14 a factor of 700?
True
Is 12 a factor of 20688?
True
Does 18 divide 630?
True
Is 4 a factor of 2023?
False
Is 33 a factor of 9174?
True
Does 16 divide 89781?
False
Is 29441 a multiple of 13?
False
Is 127 a factor of 4136?
False
Is 4 a factor of 500?
True
Is 8 a factor of 21623?
False
Does 91 divide 7689?
False
Is 2522 a multiple of 13?
True
Does 66 divide 3891?
False
Is 22216 a multiple of 110?
False
Is 744 a multiple of 12?
True
Is 1312 a multiple of 49?
False
Is 7 a factor of 203?
True
Does 12 divide 8676?
True
Does 73 divide 7227?
True
Does 217 divide 35973?
False
Is 187 a multiple of 27?
False
Is 2625 a multiple of 21?
True
Does 94 divide 188?
True
Is 32 a factor of 44000?
True
Does 3 divide 1497?
True
Does 5 divide 53?
False
Is 196 a multiple of 29?
False
Does 69 divide 89286?
True
Is 12467 a multiple of 13?
True
Is 1271 a multiple of 49?
False
Is 30 a factor of 1290?
True
Is 92 a multiple of 4?
True
Is 1638 a multiple of 5?
False
Is 8550 a multiple of 18?
True
Is 4 a factor of 8?
True
Does 13 divide 9824?
False
Is 1417 a multiple of 4?
False
Does 15 divide 4262?
False
Is 2340 a multiple of 18?
True
Is 6 a factor of 612?
True
Is 7899 a multiple of 40?
False
Is 39 a factor of 959?
False
Is 9 a factor of 278?
False
Is 5 a factor of 45116?
False
Does 28 divide 5149?
False
Is 848 a multiple of 11?
False
Is 7 a factor of 1845?
False
Is 65 a factor of 41711?
False
Does 10 divide 280?
True
Is 21 a factor of 79?
False
Is 39006 a multiple of 14?
False
Is 184 a factor of 4600?
True
Is 13 a factor of 1833?
True
Does 103 divide 10895?
False
Is 13 a factor of 2971?
False
Is 3403 a multiple of 15?
False
Is 36 a factor of 8172?
True
Does 2 divide 265?
False
Is 15 a factor of 1395?
True
Is 9 a factor of 3909?
False
Is 118903 a multiple of 400?
False
Does 11 divide 31548?
True
Is 1491 a multiple of 38?
False
Does 19 divide 1159?
True
Is 12 a factor of 39179?
False
Is 2975 a multiple of 6?
False
Is 66 a factor of 6798?
True
Is 13 a factor of 3861?
True
Does 19 divide 285?
True
Is 5771 a multiple of 21?
False
Is 9 a factor of 52533?
True
Is 2520 a multiple of 30?
True
Does 2 divide 17?
False
Is 2 a factor of 11?
False
Is 75 a factor of 1803?
False
Is 9 a factor of 270?
True
Does 5 divide 950?
True
Is 8190 a multiple of 69?
False
Does 153 divide 18135?
False
Does 18 divide 142?
False
Is 17 a factor of 426?
False
Does 22 divide 60556?
False
Does 71 divide 3905?
True
Does 10 divide 500?
True
Is 65 a factor of 24180?
True
Does 65 divide 90?
False
Does 12 divide 19979?
False
Is 1375 a multiple of 5?
True
Does 38 divide 56962?
True
Does 22 divide 37?
False
Does 47 divide 31602?
False
Does 7 divide 735?
True
Is 37 a factor of 829?
False
Is 13767 a multiple of 3?
True
Does 29 divide 5026?
False
Does 28 divide 280?
True
Is 65 a factor of 325?
True
Is 60 a factor of 16381?
False
Does 67 divide 4489?
True
Does 23 divide 598?
True
Is 16 a factor of 1056?
True
Is 2332 a multiple of 11?
True
Does 26 divide 570?
False
Is 3391 a multiple of 15?
False
Is 10 a factor of 10?
True
Is 4116 a multiple of 12?
True
Is 15 a factor